5.
43
What is the remainder when 3663 is divided by 1212?
27
Calculate the remainder when 139 is divided by 127.
12
Calculate the remainder when 5218 is divided by 45.
43
Calculate the remainder when 3581 is divided by 143.
6
What is the remainder when 1144 is divided by 160?
24
Calculate the remainder when 34069 is divided by 36.
13
Calculate the remainder when 416929 is divided by 865.
864
What is the remainder when 122289 is divided by 621?
573
Calculate the remainder when 2197 is divided by 2195.
2
Calculate the remainder when 13138 is divided by 692.
682
Calculate the remainder when 5862 is divided by 217.
3
Calculate the remainder when 19400 is divided by 73.
55
What is the remainder when 51081 is divided by 12764?
25
What is the remainder when 763774 is divided by 1872?
1870
Calculate the remainder when 3356 is divided by 55.
1
Calculate the remainder when 756 is divided by 194.
174
What is the remainder when 518 is divided by 6?
2
Calculate the remainder when 5060 is divided by 1111.
616
Calculate the remainder when 243936 is divided by 135.
126
Calculate the remainder when 2295 is divided by 169.
98
What is the remainder when 17634 is divided by 120?
114
Calculate the remainder when 22269 is divided by 11127.
15
What is the remainder when 585709 is divided by 24?
13
Calculate the remainder when 604 is divided by 174.
82
What is the remainder when 30610 is divided by 253?
250
Calculate the remainder when 8684 is divided by 1243.
1226
Calculate the remainder when 77822 is divided by 42.
38
Calculate the remainder when 1027647 is divided by 796.
11
Calculate the remainder when 16509 is divided by 192.
189
What is the remainder when 922 is divided by 130?
12
Calculate the remainder when 21520 is divided by 1183.
226
Calculate the remainder when 7012 is divided by 100.
12
Calculate the remainder when 10807 is divided by 4822.
1163
What is the remainder when 12317756 is divided by 520?
516
Calculate the remainder when 8707 is divided by 167.
23
What is the remainder when 7323 is divided by 334?
309
What is the remainder when 66243 is divided by 26?
21
Calculate the remainder when 98862 is divided by 14109.
99
What is the remainder when 484 is divided by 160?
4
What is the remainder when 935 is divided by 87?
65
Calculate the remainder when 142348 is divided by 20334.
10
Calculate the remainder when 21408 is divided by 1125.
33
What is the remainder when 1876 is divided by 833?
210
What is the remainder when 7060 is divided by 588?
4
What is the remainder when 4344 is divided by 272?
264
What is the remainder when 145893 is divided by 1131?
1125
Calculate the remainder when 42126 is divided by 7011.
60
Calculate the remainder when 604834 is divided by 466.
432
Calculate the remainder when 2259 is divided by 1101.
57
What is the remainder when 371402 is divided by 777?
773
What is the remainder when 1845 is divided by 1397?
448
What is the remainder when 5722 is divided by 1902?
16
What is the remainder when 377795 is divided by 52?
15
What is the remainder when 6056 is divided by 334?
44
Calculate the remainder when 151516 is divided by 179.
82
What is the remainder when 28219 is divided by 84?
79
Calculate the remainder when 283285 is divided by 30.
25
Calculate the remainder when 364590 is divided by 60765.
0
What is the remainder when 1758 is divided by 404?
142
What is the remainder when 2536 is divided by 701?
433
What is the remainder when 2769 is divided by 891?
96
Calculate the remainder when 28744 is divided by 130.
14
Calculate the remainder when 82662 is divided by 2755.
12
What is the remainder when 2625 is divided by 867?
24
Calculate the remainder when 34918 is divided by 1451.
94
Calculate the remainder when 3394 is divided by 189.
181
What is the remainder when 11705 is divided by 616?
1
Calculate the remainder when 92207 is divided by 2305.
7
Calculate the remainder when 30328 is divided by 24.
16
What is the remainder when 7463 is divided by 7455?
8
Calculate the remainder when 4009 is divided by 17.
14
Calculate the remainder when 401409 is divided by 274.
273
What is the remainder when 5097 is divided by 838?
69
What is the remainder when 72975 is divided by 17?
11
Calculate the remainder when 21142 is divided by 5283.
10
Calculate the remainder when 63386 is divided by 14.
8
Calculate the remainder when 47409 is divided by 431.
430
Calculate the remainder when 2771 is divided by 23.
11
What is the remainder when 37106 is divided by 312?
290
What is the remainder when 148331 is divided by 49428?
47
What is the remainder when 103218 is divided by 18?
6
Calculate the remainder when 10364 is divided by 24.
20
What is the remainder when 18913 is divided by 945?
13
What is the remainder when 123957 is divided by 59?
57
Calculate the remainder when 1150 is divided by 193.
185
Calculate the remainder when 1436 is divided by 38.
30
Calculate the remainder when 1170478 is divided by 20.
18
What is the remainder when 14040 is divided by 2227?
678
Calculate the remainder when 1557219 is divided by 25.
19
What is the remainder when 91099 is divided by 60?
19
Calculate the remainder when 5709 is divided by 1003.
694
What is the remainder when 7656 is divided by 984?
768
What is the remainder when 2633 is divided by 33?
26
What is the remainder when 32036 is divided by 10611?
203
What is the remainder when 44384 is divided by 44369?
15
Calculate the remainder when 787283 is divided by 112467.
14
Calculate the remainder when 23736 is divided by 3954.
12
Calculate the remainder when 251 is divided by 232.
19
What is the remainder when 28148 is divided by 2344?
20
What is the remainder when 1223 is divided by 55?
13
Calculate the remainder when 1020 is divided by 84.
12
What is the remainder when 8864 is divided by 190?
124
What is the remainder when 299662 is divided by 639?
610
Calculate the remainder when 15066 is divided by 28.
2
What is the remainder when 412525 is divided by 304?
301
Calculate the remainder when 1471 is divided by 845.
626
What is the remainder when 2231 is divided by 388?
291
What is the remainder when 32898 is divided by 555?
153
What is the remainder when 87718 is divided by 10?
8
What is the remainder when 2011 is divided by 242?
75
What is the remainder when 3872 is divided by 932?
144
Calculate the remainder when 21143 is divided by 8.
7
What is the remainder when 193323 is divided by 25?
23
Calculate the remainder when 129036 is divided by 230.
6
Calculate the remainder when 237324 is divided by 993.
990
Calculate the remainder when 310914 is divided by 20727.
9
Calculate the remainder when 7035 is divided by 1329.
390
Calculate the remainder when 5542 is divided by 1106.
12
What is the remainder when 437 is divided by 89?
81
What is the remainder when 193432 is divided by 686?
666
Calculate the remainder when 4375 is divided by 73.
68
Calculate the remainder when 1133 is divided by 741.
392
What is the remainder when 99076 is divided by 24767?
8
What is the remainder when 346949 is divided by 1285?
1284
Calculate the remainder when 11041 is divided by 746.
597
Calculate the remainder when 5383 is divided by 58.
47
Calculate the remainder when 10534 is divided by 62.
56
What is the remainder when 4798 is divided by 373?
322
Calculate the remainder when 1675 is divided by 338.
323
What is the remainder when 18150 is divided by 1393?
41
What is the remainder when 4349 is divided by 2279?
2070
What is the remainder when 752223 is divided by 88?
87
Calculate the remainder when 2248 is divided by 54.
34
What is the remainder when 560949 is divided by 49?
46
Calculate the remainder when 78729 is divided by 212.
77
Calculate the remainder when 15138 is divided by 15128.
10
What is the remainder when 25774 is divided by 173?
170
What is the remainder when 38312 is divided by 12759?
35
Calculate the remainder when 27980 is divided by 65.
30
What is the remainder when 37770 is divided by 36?
6
Calculate the remainder when 163642 is divided by 27.
22
Calculate the remainder when 49299 is divided by 54.
51
What is the remainder when 9930 is divided by 52?
50
What is the remainder when 46016 is divided by 133?
131
Calculate the remainder when 196 is divided by 32.
4
What is the remainder when 326981 is divided by 163